{"id":48,"date":"2012-05-22T09:44:17","date_gmt":"2012-05-22T06:44:17","guid":{"rendered":"http:\/\/joutsansalmi.wordpress.com\/?page_id=46"},"modified":"2012-09-18T16:26:24","modified_gmt":"2012-09-18T13:26:24","slug":"karvalehti-2","status":"publish","type":"page","link":"http:\/\/www.joutsansalmi.com\/?page_id=48","title":{"rendered":"Joutsansalmen rehev\u00f6ityminen"},"content":{"rendered":"<p align=\"left\">Karvalehtiesiintym\u00e4n kehittyminen vaatii luonnollisen fosforikuormituksen lis\u00e4ksi ihmisen toimia, jotta se viihtyisi ja menestyisi. Joutsansalmessa edellytykset karvalehden esiintymiselle ovat kehittyneet monesta syyst\u00e4. Jo aikaisemmin vesist\u00f6\u00e4 on kuormitettu orgaanisilla aineilla, kuten uiton yhteydess\u00e4 syntyneell\u00e4 humuksella ja puuaineksella. My\u00f6s asutuksen ja paikallisen teollisuuden j\u00e4tevesien puhdistus on aikaisemmin ollut vajaavaista, ja j\u00e4tevesi\u00e4 on juoksutettu Joutsanlahteen. Joutsansalmen pohjakerroksissa on siis runsaasti ravinteita kaikkine ihmisille ja ymp\u00e4rist\u00f6lle haitallisine aineineen.<\/p>\n<p>Sittemmin yritysten, talouksien ja kunnan j\u00e4tevesien puhdistaminen on suuresti alentanut Joutsansalmeen tulevaa uutta kuormitusta. Jo liki nelj\u00e4kymment\u00e4 vuotta toimineen Myllykosken kalanviljelylaitoksen prosessien edelleen kehitt\u00e4minen tarjoaa k\u00e4ytt\u00f6kelpoisen mahdollisuuden vesist\u00f6n laadun edelleen parantamiseen. Laitos on toiminut\u00a0<a href=\"http:\/\/joutsansalmi.com\/ymparistolupa.php\">ymp\u00e4rist\u00f6luvan<\/a>\u00a0varassa liki kaksikymment\u00e4 viimeisint\u00e4 vuotta.<\/p>\n<p>Karvalehti on siis tunnustettu ihmisen aiheuttama ymp\u00e4rist\u00f6ongelma, jolla on my\u00f6s usein yhteys huonontuneeseen veden laatuun ymp\u00e4rist\u00f6- ja terveishaittoineen.<\/p>\n<p><a title=\"Mik\u00e4 on karvalehti?\" href=\"http:\/\/www.joutsansalmi.com\/?p=49\">Mik\u00e4 on karvalehti?<\/a><\/p>\n","protected":false},"excerpt":{"rendered":"<p>Karvalehtiesiintym\u00e4n kehittyminen vaatii luonnollisen fosforikuormituksen lis\u00e4ksi ihmisen toimia, jotta se viihtyisi ja menestyisi. Joutsansalmessa edellytykset karvalehden esiintymiselle ovat kehittyneet monesta syyst\u00e4. Jo aikaisemmin vesist\u00f6\u00e4 on kuormitettu orgaanisilla aineilla, kuten uiton yhteydess\u00e4 syntyneell\u00e4 humuksella ja puuaineksella. My\u00f6s asutuksen ja paikallisen teollisuuden &hellip; <a href=\"http:\/\/www.joutsansalmi.com\/?page_id=48\">Lue loppuun <span class=\"meta-nav\">&rarr;<\/span><\/a><\/p>\n","protected":false},"author":1,"featured_media":0,"parent":0,"menu_order":1,"comment_status":"closed","ping_status":"closed","template":"","meta":{"ngg_post_thumbnail":0,"jetpack_post_was_ever_published":false},"jetpack_shortlink":"https:\/\/wp.me\/P2HNwR-M","jetpack_sharing_enabled":true,"_links":{"self":[{"href":"http:\/\/www.joutsansalmi.com\/index.php?rest_route=\/wp\/v2\/pages\/48"}],"collection":[{"href":"http:\/\/www.joutsansalmi.com\/index.php?rest_route=\/wp\/v2\/pages"}],"about":[{"href":"http:\/\/www.joutsansalmi.com\/index.php?rest_route=\/wp\/v2\/types\/page"}],"author":[{"embeddable":true,"href":"http:\/\/www.joutsansalmi.com\/index.php?rest_route=\/wp\/v2\/users\/1"}],"replies":[{"embeddable":true,"href":"http:\/\/www.joutsansalmi.com\/index.php?rest_route=%2Fwp%2Fv2%2Fcomments&post=48"}],"version-history":[{"count":3,"href":"http:\/\/www.joutsansalmi.com\/index.php?rest_route=\/wp\/v2\/pages\/48\/revisions"}],"predecessor-version":[{"id":270,"href":"http:\/\/www.joutsansalmi.com\/index.php?rest_route=\/wp\/v2\/pages\/48\/revisions\/270"}],"wp:attachment":[{"href":"http:\/\/www.joutsansalmi.com\/index.php?rest_route=%2Fwp%2Fv2%2Fmedia&parent=48"}],"curies":[{"name":"wp","href":"https:\/\/api.w.org\/{rel}","templated":true}]}}