{"id":47,"date":"2012-05-22T09:42:59","date_gmt":"2012-05-22T06:42:59","guid":{"rendered":"http:\/\/joutsansalmi.wordpress.com\/?page_id=44"},"modified":"2012-09-19T16:43:31","modified_gmt":"2012-09-19T13:43:31","slug":"toiminta-2","status":"publish","type":"page","link":"https:\/\/www.joutsansalmi.com\/?page_id=47","title":{"rendered":"Toiminta"},"content":{"rendered":"<p align=\"left\">Joutsansalmi-yhdistys toimii Myllykosken-Joutsansalmen kansalaisfoorumin viitoittamalla tiell\u00e4 Joutsan seudun vesist\u00f6jen suojelun ja kest\u00e4v\u00e4n k\u00e4yt\u00f6n puolesta, ja kaikkien seudun vesist\u00f6jen tilan parantamiseksi.<\/p>\n<p>Yhdistyksen k\u00e4yt\u00e4nn\u00f6n asioita hoitaa sen hallitus, mutta j\u00e4senist\u00f6 kokoontuu s\u00e4\u00e4nn\u00f6llisin v\u00e4liajoin muodostaen kiinte\u00e4n mutta avoimen yhteydenpitoverkoston tavoitteidensa saavuttamiseksi. Yhdistyksen tahtotilan muodostaminen ja yhteisten p\u00e4\u00e4t\u00f6sten toimeenpano on kaikkien yhdistysten j\u00e4senten ja sen toimintaa avoimena foorumina tukevien vastuulla.<\/p>\n<p>Foorumin kokoukset vuosien 2008-2009 aikana ovat monella tapaa hyv\u00e4 esimerkki kansalaistoiminnan nykyisest\u00e4 suunnasta ja kehityksest\u00e4. Yhteiset tavoitteet, p\u00e4\u00e4m\u00e4\u00e4r\u00e4t ja arvot ovat motivoineet laajaan yhteisty\u00f6h\u00f6n ja my\u00f6s yll\u00e4pit\u00e4v\u00e4t yhteist\u00e4 toimintaa. Tavoitteena tietenkin on, ett\u00e4 Joutsan kunta, viranomaistahot, yritykset ja muut institutionaaliset toimijat omaksuisivat yhdistyksen tavoitteet omikseen ja huolehtisivat tarvittavista p\u00e4\u00e4t\u00f6ksist\u00e4 ja niiden toimeenpanosta.<\/p>\n<p>Yhdistyksen er\u00e4\u00e4n\u00e4 kulmakiven\u00e4 on kansalaisfoorumin kokouksessaan 24.9.2008 hyv\u00e4ksym\u00e4\u00a0<a href=\"http:\/\/joutsansalmi.com\/arkisto\/kannaotto_24092008.pdf\" target=\"_blank\">kannanotto<\/a>\u00a0asuinymp\u00e4rist\u00f6mme ja kuntakeskuksen keskeisen vesialueen tilan parantamiseksi. Yhdistyksen hallitus on my\u00f6s selke\u00e4sti sitoutunut n\u00e4ihin periaatteisiin, ja yhdistyksen j\u00e4senet ovat omaksuneet ne yhdistyksen toimintaa yll\u00e4pit\u00e4vin\u00e4 p\u00e4\u00e4m\u00e4\u00e4rin\u00e4 ja arvona.<\/p>\n<p>Jos sinulla on kysytt\u00e4v\u00e4\u00e4, voit l\u00e4hett\u00e4\u00e4 s\u00e4hk\u00f6postia\u00a0<a href=\"mailto:info@joutsansalmi.com\">info@joutsansalmi.com<\/a>. Joutsan keskustaajamalla on vain yksi yhteinen vesist\u00f6. Tule mukaan suojelemaan sit\u00e4.<\/p>\n","protected":false},"excerpt":{"rendered":"<p>Joutsansalmi-yhdistys toimii Myllykosken-Joutsansalmen kansalaisfoorumin viitoittamalla tiell\u00e4 Joutsan seudun vesist\u00f6jen suojelun ja kest\u00e4v\u00e4n k\u00e4yt\u00f6n puolesta, ja kaikkien seudun vesist\u00f6jen tilan parantamiseksi. Yhdistyksen k\u00e4yt\u00e4nn\u00f6n asioita hoitaa sen hallitus, mutta j\u00e4senist\u00f6 kokoontuu s\u00e4\u00e4nn\u00f6llisin v\u00e4liajoin muodostaen kiinte\u00e4n mutta avoimen yhteydenpitoverkoston tavoitteidensa saavuttamiseksi. Yhdistyksen tahtotilan &hellip; <a href=\"https:\/\/www.joutsansalmi.com\/?page_id=47\">Lue loppuun <span class=\"meta-nav\">&rarr;<\/span><\/a><\/p>\n","protected":false},"author":1,"featured_media":0,"parent":201,"menu_order":0,"comment_status":"closed","ping_status":"closed","template":"","meta":{"ngg_post_thumbnail":0,"jetpack_post_was_ever_published":false},"jetpack_shortlink":"https:\/\/wp.me\/P2HNwR-L","jetpack_sharing_enabled":true,"_links":{"self":[{"href":"https:\/\/www.joutsansalmi.com\/index.php?rest_route=\/wp\/v2\/pages\/47"}],"collection":[{"href":"https:\/\/www.joutsansalmi.com\/index.php?rest_route=\/wp\/v2\/pages"}],"about":[{"href":"https:\/\/www.joutsansalmi.com\/index.php?rest_route=\/wp\/v2\/types\/page"}],"author":[{"embeddable":true,"href":"https:\/\/www.joutsansalmi.com\/index.php?rest_route=\/wp\/v2\/users\/1"}],"replies":[{"embeddable":true,"href":"https:\/\/www.joutsansalmi.com\/index.php?rest_route=%2Fwp%2Fv2%2Fcomments&post=47"}],"version-history":[{"count":2,"href":"https:\/\/www.joutsansalmi.com\/index.php?rest_route=\/wp\/v2\/pages\/47\/revisions"}],"predecessor-version":[{"id":313,"href":"https:\/\/www.joutsansalmi.com\/index.php?rest_route=\/wp\/v2\/pages\/47\/revisions\/313"}],"up":[{"embeddable":true,"href":"https:\/\/www.joutsansalmi.com\/index.php?rest_route=\/wp\/v2\/pages\/201"}],"wp:attachment":[{"href":"https:\/\/www.joutsansalmi.com\/index.php?rest_route=%2Fwp%2Fv2%2Fmedia&parent=47"}],"curies":[{"name":"wp","href":"https:\/\/api.w.org\/{rel}","templated":true}]}}